{"id":22729,"date":"2022-11-21T09:32:43","date_gmt":"2022-11-21T09:32:43","guid":{"rendered":"https:\/\/www.gringonordic.se\/?post_type=product&#038;p=22729"},"modified":"2026-03-29T21:11:13","modified_gmt":"2026-03-29T19:11:13","slug":"el-salvador-el-limar-anaerobic-pacamara","status":"publish","type":"product","link":"https:\/\/www.gringonordic.se\/en\/product\/el-salvador-el-limar-anaerobic-pacamara\/","title":{"rendered":"El Salvador El Limar Anaerobic Pacamara"},"content":{"rendered":"","protected":false},"excerpt":{"rendered":"<p><strong>Familjen Maga\u00f1as anaerobiska Pacamara \u00e4r en fulltr\u00e4ff hela v\u00e4gen!\u00a0 Den anaerobiska fermentationen f\u00f6r att fruktsockret i b\u00e4ren interagerar med b\u00f6nan, vilket f\u00f6rst\u00e4rker s\u00f6tman och f\u00f6rdjupar fruktkarakt\u00e4ren.\u00a0<\/strong><\/p>\n<div class=\"flex flex-col text-sm pb-25\">\n<section class=\"text-token-text-primary w-full focus:outline-none [--shadow-height:45px] has-data-writing-block:pointer-events-none has-data-writing-block:-mt-(--shadow-height) has-data-writing-block:pt-(--shadow-height) [&amp;:has([data-writing-block])&gt;*]:pointer-events-auto scroll-mt-[calc(var(--header-height)+min(200px,max(70px,20svh)))]\" dir=\"auto\" data-turn-id=\"request-WEB:269ebbc1-99a5-48e4-ad0b-ab3f70b8b9c6-2\" data-testid=\"conversation-turn-6\" data-scroll-anchor=\"true\" data-turn=\"assistant\">\n<div class=\"text-base my-auto mx-auto pb-10 [--thread-content-margin:var(--thread-content-margin-xs,calc(var(--spacing)*4))] @w-sm\/main:[--thread-content-margin:var(--thread-content-margin-sm,calc(var(--spacing)*6))] @w-lg\/main:[--thread-content-margin:var(--thread-content-margin-lg,calc(var(--spacing)*16))] px-(--thread-content-margin)\">\n<div class=\"[--thread-content-max-width:40rem] @w-lg\/main:[--thread-content-max-width:48rem] mx-auto max-w-(--thread-content-max-width) flex-1 group\/turn-messages focus-visible:outline-hidden relative flex w-full min-w-0 flex-col agent-turn\">\n<div class=\"flex max-w-full flex-col gap-4 grow\">\n<div class=\"min-h-8 text-message relative flex w-full flex-col items-end gap-2 text-start break-words whitespace-normal outline-none keyboard-focused:focus-ring [.text-message+&amp;]:mt-1\" dir=\"auto\" tabindex=\"0\" data-message-author-role=\"assistant\" data-message-id=\"c11c8410-549f-4780-8a68-df0db68dcf5f\" data-message-model-slug=\"gpt-5-3\" data-turn-start-message=\"true\">\n<div class=\"flex w-full flex-col gap-1 empty:hidden\">\n<div class=\"markdown prose dark:prose-invert w-full wrap-break-word light markdown-new-styling\">\n<p data-start=\"37\" data-end=\"281\" data-is-last-node=\"\" data-is-only-node=\"\">Genom att familjen plockar b\u00e4ren n\u00e4r de \u00e4r p\u00e5 gr\u00e4nsen till \u00f6vermogna och sen fermenterar dem anaerobiskt, under tryck och utan syre i slutna j\u00e4sk\u00e4rl, s\u00e5 skapar de ett fylligt kaffe som har massor av frukt, russin och m\u00f6rka b\u00e4r i karakt\u00e4ren. Den anaeroba j\u00e4smetoden pressar fruktsafter fr\u00e5n b\u00e4ret in i kaffeb\u00f6nan och ger verkligen ett extra smakrikt kaffe, som ocks\u00e5 har toner av plommon, persika &amp; tropisk frukt.<\/p>\n<\/div>\n<\/div>\n<\/div>\n<\/div>\n<\/div>\n<\/div>\n<\/section>\n<\/div>\n<p>Familjen Maga\u00f1a har sina g\u00e5rdar i regionen Apaneca och v\u00e5rdar dem med stor omsorg och k\u00e4nsla, deras str\u00e4van efter kvalitet i varje steg \u00e4r o\u00f6vertr\u00e4ffad. Vi har k\u00e4nt Angel och hans familj i 20 \u00e5r och k\u00f6per hela deras sk\u00f6rd. Familjen har ett stort engagemang f\u00f6r b\u00e5de milj\u00f6 och kvalitet, de str\u00e4var alltid efter att bli lite b\u00e4ttre f\u00f6r varje \u00e5r. Filosofin handlar om att odla och framst\u00e4lla kaffe i samklang med naturen, en djupg\u00e5ende omsorg om balansen i jorden och ekosystemet. Deras g\u00e5rdar \u00e4r hem f\u00f6r en m\u00e4ngd f\u00e5glar och andra djur.<\/p>\n<p>&nbsp;<\/p>\n","protected":false},"featured_media":29864,"template":"","meta":[],"product_brand":[],"product_cat":[39,46],"product_tag":[101],"varumarke":[],"produkttyp":[117],"smaker":[536,329,477],"class_list":{"0":"post-22729","1":"product","2":"type-product","3":"status-publish","4":"has-post-thumbnail","6":"product_cat-kaffe","7":"product_cat-single-origin","8":"product_tag-fruktigt-smakrikt","9":"produkttyp-single-origin","10":"smaker-aprikos","11":"smaker-persika","12":"smaker-tradgardsbar","14":"first","15":"instock","16":"taxable","17":"shipping-taxable","18":"purchasable","19":"product-type-simple"},"_links":{"self":[{"href":"https:\/\/www.gringonordic.se\/en\/wp-json\/wp\/v2\/product\/22729","targetHints":{"allow":["GET"]}}],"collection":[{"href":"https:\/\/www.gringonordic.se\/en\/wp-json\/wp\/v2\/product"}],"about":[{"href":"https:\/\/www.gringonordic.se\/en\/wp-json\/wp\/v2\/types\/product"}],"wp:featuredmedia":[{"embeddable":true,"href":"https:\/\/www.gringonordic.se\/en\/wp-json\/wp\/v2\/media\/29864"}],"wp:attachment":[{"href":"https:\/\/www.gringonordic.se\/en\/wp-json\/wp\/v2\/media?parent=22729"}],"wp:term":[{"taxonomy":"product_brand","embeddable":true,"href":"https:\/\/www.gringonordic.se\/en\/wp-json\/wp\/v2\/product_brand?post=22729"},{"taxonomy":"product_cat","embeddable":true,"href":"https:\/\/www.gringonordic.se\/en\/wp-json\/wp\/v2\/product_cat?post=22729"},{"taxonomy":"product_tag","embeddable":true,"href":"https:\/\/www.gringonordic.se\/en\/wp-json\/wp\/v2\/product_tag?post=22729"},{"taxonomy":"varumarke","embeddable":true,"href":"https:\/\/www.gringonordic.se\/en\/wp-json\/wp\/v2\/varumarke?post=22729"},{"taxonomy":"produkttyp","embeddable":true,"href":"https:\/\/www.gringonordic.se\/en\/wp-json\/wp\/v2\/produkttyp?post=22729"},{"taxonomy":"smaker","embeddable":true,"href":"https:\/\/www.gringonordic.se\/en\/wp-json\/wp\/v2\/smaker?post=22729"}],"curies":[{"name":"wp","href":"https:\/\/api.w.org\/{rel}","templated":true}]}}

<p><strong>Familjen Magañas anaerobiska Pacamara är en fullträff hela vägen!  Den anaerobiska fermentationen för att fruktsockret i bären interagerar med bönan, vilket förstärker sötman och fördjupar fruktkaraktären. </strong></p>
<div class="flex flex-col text-sm pb-25">
<section class="text-token-text-primary w-full focus:outline-none [--shadow-height:45px] has-data-writing-block:pointer-events-none has-data-writing-block:-mt-(--shadow-height) has-data-writing-block:pt-(--shadow-height) [&amp;:has([data-writing-block])&gt;*]:pointer-events-auto scroll-mt-[calc(var(--header-height)+min(200px,max(70px,20svh)))]" dir="auto" data-turn-id="request-WEB:269ebbc1-99a5-48e4-ad0b-ab3f70b8b9c6-2" data-testid="conversation-turn-6" data-scroll-anchor="true" data-turn="assistant">
<div class="text-base my-auto mx-auto pb-10 [--thread-content-margin:var(--thread-content-margin-xs,calc(var(--spacing)*4))] @w-sm/main:[--thread-content-margin:var(--thread-content-margin-sm,calc(var(--spacing)*6))] @w-lg/main:[--thread-content-margin:var(--thread-content-margin-lg,calc(var(--spacing)*16))] px-(--thread-content-margin)">
<div class="[--thread-content-max-width:40rem] @w-lg/main:[--thread-content-max-width:48rem] mx-auto max-w-(--thread-content-max-width) flex-1 group/turn-messages focus-visible:outline-hidden relative flex w-full min-w-0 flex-col agent-turn">
<div class="flex max-w-full flex-col gap-4 grow">
<div class="min-h-8 text-message relative flex w-full flex-col items-end gap-2 text-start break-words whitespace-normal outline-none keyboard-focused:focus-ring [.text-message+&amp;]:mt-1" dir="auto" tabindex="0" data-message-author-role="assistant" data-message-id="c11c8410-549f-4780-8a68-df0db68dcf5f" data-message-model-slug="gpt-5-3" data-turn-start-message="true">
<div class="flex w-full flex-col gap-1 empty:hidden">
<div class="markdown prose dark:prose-invert w-full wrap-break-word light markdown-new-styling">
<p data-start="37" data-end="281" data-is-last-node="" data-is-only-node="">Genom att familjen plockar bären när de är på gränsen till övermogna och sen fermenterar dem anaerobiskt, under tryck och utan syre i slutna jäskärl, så skapar de ett fylligt kaffe som har massor av frukt, russin och mörka bär i karaktären. Den anaeroba jäsmetoden pressar fruktsafter från bäret in i kaffebönan och ger verkligen ett extra smakrikt kaffe, som också har toner av plommon, persika &amp; tropisk frukt.</p>
</div>
</div>
</div>
</div>
</div>
</div>
</section>
</div>
<p>Familjen Magaña har sina gårdar i regionen Apaneca och vårdar dem med stor omsorg och känsla, deras strävan efter kvalitet i varje steg är oöverträffad. Vi har känt Angel och hans familj i 20 år och köper hela deras skörd. Familjen har ett stort engagemang för både miljö och kvalitet, de strävar alltid efter att bli lite bättre för varje år. Filosofin handlar om att odla och framställa kaffe i samklang med naturen, en djupgående omsorg om balansen i jorden och ekosystemet. Deras gårdar är hem för en mängd fåglar och andra djur.</p>
<p>&nbsp;</p>
